t is the tens digit of y?
3
Let v(m) = -4*m - 2. Let s(j) = -16*j - 8. Let x(w) = -6*s(w) + 26*v(w). What is the units digit of x(-5)?
6
Let t(m) = m**3 + m - 1. Let u(o) = -6*o**3 - 9*o**2 + 5*o + 7. Let l(f) = 5*t(f) + u(f). Let q = 40 - 50. What is the units digit of l(q)?
2
Let h be (2/4)/(2/312). Let j = h + -28. Suppose -6*g = -11*g + j. What is the units digit of g?
0
Let j be -4 + 9/3 - -1. Suppose j = 2*f + 6, 5*o + f - 899 = -182. Let m = o - 101. What is the units digit of m?
3
Suppose -5*f + 10 = -0. Suppose 113 + 39 = f*r. What is the tens digit of r?
7
Let r = -2 - -6. Suppose r*m + 54 = m. Let q = -16 - m. What is the units digit of q?
2
Let s(b) = -b**2 + 5*b - 9. Let t(q) = -3*q**2 + 11*q - 18. Let x(o) = -5*s(o) + 2*t(o). Let g be x(-5). Let p = 28 + g. What is the tens digit of p?
2
Let o be (65/39)/(1/3). Suppose 0*i = 4*i + 5*l - 209, -274 = -o*i - 2*l. What is the tens digit of i?
5
Suppose 9 - 1 = 2*p. Suppose -29 - 143 = -p*a. Let u = a - 23. What is the units digit of u?
0
Suppose -10*o = -13*o + 363. Suppose -470 = -5*u + 5*y, -47 = u - 5*y - o. What is the tens digit of u?
9
What is the hundreds digit of 7 + -5 + 2 + 1547?
5
Suppose -1 + 8 = -r. Let c = 9 + r. Suppose 0 = c*w - j - 38 - 17, 4*j = 3*w - 95. What is the units digit of w?
5
Suppose -30*i - 4 = -28*i. What is the units digit of (-4)/(i + (-6)/(-9))?
3
Let s = 3 + -70. Let h = s + 98. What is the units digit of h?
1
Suppose 2*j = -64 - 14. Let n = -29 + j. What is the units digit of (n/2)/((-20)/30)?
1
Suppose 0 = 3*a + 14 + 4. Let k be 81/a + 3/2. What is the units digit of -2*3*16/k?
8
Let k(o) = o**3 - 16*o**2 + 12*o - 23. What is the hundreds digit of k(16)?
1
Let h(s) = -s**2 + 4*s + 3. Let z be h(4). What is the tens digit of z + -4 + 5 - -32?
3
Suppose -10*x - 295 + 1765 = 0. What is the units digit of x?
7
Suppose -7*g = -706 - 12062. What is the tens digit of g?
2
Suppose 0*g + 4*g - 71 = -c, 5*c - 400 = -5*g. Suppose o = 5*p - 1 + 16, c = 4*o + 3*p. What is the units digit of o?
0
Suppose -2*g + 971 = 5*f, -g - 769 = 5*f - 9*f. What is the tens digit of f?
9
Let m(g) = 165*g - 219. What is the tens digit of m(9)?
6
Let s = 8 - -47. Let d = s - 9. What is the tens digit of d?
4
What is the hundreds digit of ((-6)/(-9))/(56/260148)?
0
Suppose -7*x - 647 = -8*x. Suppose 4*n - x = 5*b - 66, -4*n + 4*b = -580. What is the tens digit of n?
4
Suppose -3*k - 250 = -8*k - 5*a, 35 = k - 4*a. Let z = -33 + k. What is the units digit of z?
4
Suppose -49*p - 29274 = -151*p. What is the tens digit of p?
8
Let p = -1697 - -2736. What is the units digit of p?
9
Suppose -3*h - 174 = j, 86 + 47 = -2*h + 5*j. Let x = 24 - 31. Let w = x - h. What is the units digit of w?
2
What is the units digit of 2406/(42/147 + 34/28)?
4
Suppose -h - 5*z - 6 = 9, 0 = 2*h + 5*z + 10. Suppose 1 = -2*m - q, 0*m + 2*m + h*q + 13 = 0. What is the units digit of (54/(-24))/(m/(-4))?
9
Let j = 57 - 57. Let a(x) = 44 - 4*x**2 + x**2 + x + 4*x**2. What is the tens digit of a(j)?
4
Suppose 0 = -8*s + 324 + 12. What is the units digit of 4/s - 35546/(-294)?
1
Let y = -128 + 1120. What is the tens digit of y?
9
Let u(a) = -a + 4. Let n(i) = -1. Let g(q) = -26*n(q) - 6*u(q). Let y(p) = 7*p + 2. Let z(l) = 6*g(l) - 5*y(l). What is the units digit of z(1)?
3
Let a(m) be the first derivative of m**4/4 - 3*m**3 + m**2/2 + 5*m + 12. What is the tens digit of a(9)?
1
Let d = 2479 + 2341. What is the hundreds digit of d?
8
What is the tens digit of 36/24*176/6?
4
Let f = 9 + -11. What is the hundreds digit of (f/(-6))/(-3 + 13884/4626)?
2
Suppose -y - 4 = -5*y - 4*j, 4*j = 4*y + 4. Suppose 4*i - 938 + 78 = y. What is the hundreds digit of i?
2
What is the hundreds digit of 2596 - (-96)/(-80)*(-5)/(-2)?
5
Let i = -267 - -282. What is the units digit of i?
5
Suppose 2*h + 8 = -0*h. What is the units digit of (-2)/h*-2 - -53?
2
Suppose -5*i + 7*i = 6. Suppose -9*k + 18 = -i*k. What is the units digit of k?
3
Let i = 1 + 3. Suppose -i*p - 3*f = 642, 316 = -4*p + 2*p + f. What is the tens digit of p/(-4) - (-21)/(-28)?
3
Suppose 0 = -4*n + 2*i + 24, 31 = 3*n - 4*i + 3. Let j be 1202/8 - (-1)/(-4). Suppose 0 = -n*y + 5*q + j, q + 9 = -y + 42. What is the units digit of y?
5
Let q(h) = 2*h - 8. Let n be q(5). Suppose -3*j + 0*j - n*r + 280 = 0, 4*r = 20. What is the units digit of 250/9 + 20/j?
8
Suppose 848 = -14*c + 22*c. What is the hundreds digit of c?
1
Suppose -5*x + 9 = -6, -s + 4*x = -565. What is the hundreds digit of s?
5
Let g = 526 + -95. What is the tens digit of g?
3
Suppose 4*r + 5*f - 17 = 0, -3*r - 25 = 2*r - 3*f. Let q be (12/4)/(r/(-10)). Suppose 0 = -2*h - 6, 2*d + 4*h = -1 + q. What is the tens digit of d?
1
Let j = 7006 - 3361. What is the hundreds digit of j?
6
What is the hundreds digit of -124*(-2)/(-10)*6095/(-106)?
4
Suppose -3*d = -2341 + 544. Let j = -1894 + d. What is the units digit of j/(-77) + 4/22?
7
Let w be 14/4 + 171/(-114). Let s(l) = 2*l**3 - l**2 + 8*l + 3. Let k(y) = 2*y**3 - y**2 + 7*y + 2. Let q(g) = 5*k(g) - 4*s(g). What is the units digit of q(w)?
6
What is the tens digit of 1/(((-4)/(-130))/((-28)/(-35)))?
2
Suppose -26*z - 5*k = -28*z + 6745, -6742 = -2*z + 4*k. What is the thousands digit of z?
3
Let z = -180 + 151. Let f = z - -149. What is the units digit of f?
0
Let u = 442 - -18. What is the units digit of u?
0
Suppose 4*k = -d + 1809, 5 = 5*k - 20. What is the thousands digit of d?
1
Let l = -1577 - -3203. What is the thousands digit of l?
1
Let n = 1 - 6. Let y(q) = -q**3 + q**2 + 5*q + 11. What is the tens digit of y(n)?
3
Let v = 135 + 283. What is the hundreds digit of v?
4
Suppose i - 10 = 3*i, 5*x + i = 195. Let m be (30/x)/(2/56). Suppose -u + m = -9. What is the tens digit of u?
3
Let p(j) be the second derivative of -3*j**3/2 - 3*j**2/2 + 9*j. What is the tens digit of p(-9)?
7
Suppose -2*a - 7 = -c - 4*c, c = 2*a - 5. Suppose c*g + 111 = 303. What is the tens digit of g?
6
Let w = -8 - 16. Let p = w - -29. What is the units digit of (-2 + p)*52/6?
6
Let p = 10 + -1. Let x = 12 - p. Suppose -x*a - 47 = -2*g, 2*a + 2*a + 4 = 0. What is the tens digit of g?
2
Let q = 52 + -31. Let m = q + -22. What is the units digit of 38 + m*(-3 - -3)?
8
Suppose 3*b = -1 + 16. Let n(i) = 14*i**3 + 2*i**2. Let z be n(2). Suppose b*a = 85 + z. What is the tens digit of a?
4
Let v = 37 - 37. Suppose 6 = -3*q, 5*s - 3*q - 769 - 7 = v. What is the hundreds digit of s?
1
Suppose 3*c - 11 = 16. Suppose -k - 6 = -c. Let z(u) = -u**3 + 7*u**2 - 2*u - 1. What is the tens digit of z(k)?
2
Let p = 583 + -365. Suppose 0*g = -2*g + p. Suppose -5*r + 121 = -2*m, -2*m + g = 5*r - 0*m. What is the tens digit of r?
2
Suppose -2*l - 2*l - j = 11, 3*j + 9 = 0. What is the units digit of 442/39 + l/(-3)?
2
Let t = 1625 + -13. What is the tens digit of t?
1
Let d(c) = 2282 + 16*c - 2253 + 9*c. What is the units digit of d(6)?
9
Suppose 4*n - 3*p - p = 0, 2*n + 2*p + 12 = 0. Let a be (-30 - n)/(1/1). What is the units digit of (-774)/a - 4/6?
8
Suppose 9*i = -4*i + 13754. What is the tens digit of i?
5
Suppose 6381 = 10*p - 8*p + 3*f, -4*p + 12717 = -3*f. What is the tens digit of p?
8
Suppose 0 = 4*u - 15 - 5. Suppose -u*i = -b + 3, 4*i - b = -0*b - 3. Suppose -5*x + 15 = 0, i = w + 2*x + 2*x - 40. What is the tens digit of w?
2
Let l(c) = -c**2 + 12*c + 1. Let s(w) = 2*w - 15. Let k be s(14). Suppose -2 = -3*n + k. What is the tens digit of l(n)?
3
Let q = -6 - 0. Let z be -5 + 2/q*0. Let w = 11 + z. What is the units digit of w?
6
Let a(y) = -y**3 - 4*y + 3. Let z be a(2). Let v(r) = r**2 - 6*r - 46. Let f be v(14). Let t = f + z. What is the units digit of t?
3
Let h = -50 - -58. Let n = -30 - -42. What is the tens digit of 2*h + n/4?
1
Suppose -1284 = -3*s - 3*s. Suppose -4*c = -6*c + s. What is the hundreds digit of c?
1
Let b = -14 - -25. Suppose 0 = 2*q + b - 35. What is the units digit of q/(-54) - 29/(-9)?
3
Let y = 11 + 4. Suppose -l + y = 4*a, -4*l + 2*a + 120 = -2*a. Suppose -l = -0*h - 3*h. What is the units digit of h?
9
Suppose 18 + 63 = 9*m. Suppose -8*u - 1 = -m. What is the units digit of u?
1
Suppose 4*w = 6*w - 10. Suppose 5*v - w*y - 715 = 0, -5*y = v - 2*v + 143. Let o = v + -100. What is the units digit of o?
3
Let z(x) = 90*x - 663. What is the units dig